
Is 246097121 a composite number?
True
Is 96120619 a prime number?
False
Is 670823 composite?
False
Is 21983645 prime?
False
Is 4287449 prime?
False
Is 348121751 prime?
True
Is 258078257 composite?
False
Is 598206541 prime?
False
Is 7620409 a prime number?
False
Is 32932787 a prime number?
False
Is 103402493 a prime number?
True
Is 1192501 composite?
True
Is 115290809 prime?
True
Is 2074411 prime?
True
Is 1456681 a prime number?
False
Is 7964989 prime?
False
Is 23646209 a composite number?
True
Is 303486011 prime?
False
Is 2928161 composite?
True
Is 46870841 composite?
False
Is 49827853 prime?
False
Is 30113581 composite?
False
Is 9440897 a composite number?
False
Is 4098079 prime?
True
Is 19912147 a prime number?
True
Is 905759 prime?
True
Is 7535953 a prime number?
True
Is 1695605 a prime number?
False
Is 127851173 composite?
False
Is 5416802 a prime number?
False
Is 65433829 a prime number?
False
Is 519319 composite?
True
Is 49492123 a prime number?
True
Is 1558343 a composite number?
False
Is 1276531 prime?
False
Is 342864413 a composite number?
True
Is 143914583 a prime number?
False
Is 688999 a prime number?
True
Is 396833 prime?
True
Is 46236011 a prime number?
True
Is 6383521 a prime number?
True
Is 2527125217 a prime number?
True
Is 1288111 a prime number?
False
Is 65386061 composite?
True
Is 2367767 prime?
True
Is 292484257 a composite number?
True
Is 445583 prime?
True
Is 2180119 a composite number?
False
Is 11818717 a composite number?
True
Is 452443 prime?
True
Is 23533051 a prime number?
False
Is 7943959 a prime number?
False
Is 181557983 composite?
True
Is 5526691 a composite number?
False
Is 262763297 a prime number?
True
Is 358517 a composite number?
True
Is 23569033 a prime number?
True
Is 412933 a prime number?
False
Is 519457591 prime?
False
Is 706449 composite?
True
Is 206155 composite?
True
Is 4487974 composite?
True
Is 802257169 prime?
False
Is 63106553 prime?
True
Is 6155327 a prime number?
False
Is 198171137 composite?
False
Is 13687691 composite?
True
Is 31583659 composite?
False
Is 40603826 a prime number?
False
Is 20941673 prime?
True
Is 2084531 composite?
False
Is 8453363 prime?
True
Is 634739519 prime?
False
Is 22036529 prime?
True
Is 45908963 prime?
True
Is 34852067 a composite number?
True
Is 21550777 prime?
True
Is 145990231 composite?
True
Is 124198759 a prime number?
False
Is 4794437 a composite number?
False
Is 3934261 prime?
True
Is 71487751 composite?
False
Is 99150199 a prime number?
False
Is 51656721 a composite number?
True
Is 29609 prime?
False
Is 22412059 a composite number?
False
Is 9538331 a prime number?
False
Is 42321907 a composite number?
False
Is 2787479 composite?
False
Is 1034707 prime?
True
Is 1083722719 a composite number?
False
Is 164907181 a composite number?
False
Is 672863 prime?
True
Is 4176229 composite?
False
Is 1871953 a prime number?
False
Is 4957831 a prime number?
False
Is 230257 composite?
False
Is 2024623 a prime number?
False
Is 4080893 a prime number?
False
Is 275617399 a prime number?
True
Is 8720935 a prime number?
False
Is 599959 a prime number?
True
Is 15689 composite?
True
Is 3264887 composite?
False
Is 115201 composite?
False
Is 20728699 composite?
False
Is 31152529 composite?
False
Is 121769327 a prime number?
True
Is 64828603 composite?
True
Is 1246843 composite?
True
Is 2334731 prime?
False
Is 17241281 a prime number?
False
Is 727843 a prime number?
True
Is 16088237 a composite number?
True
Is 71946451 composite?
False
Is 15760361 a prime number?
False
Is 1107127 a prime number?
False
Is 82661809 prime?
True
Is 38101699 composite?
True
Is 1662389 prime?
True
Is 77893 prime?
True
Is 5211931 prime?
False
Is 3547151 a prime number?
True
Is 31796913 a composite number?
True
Is 6892889 a composite number?
True
Is 144559 a prime number?
False
Is 25656559 prime?
True
Is 784969 a composite number?
True
Is 145102777 composite?
False
Is 750703 a composite number?
True
Is 24644327 prime?
True
Is 13975361 prime?
False
Is 180833 a prime number?
False
Is 2771329 a composite number?
True
Is 483043 composite?
True
Is 1819271 prime?
True
Is 597841 a prime number?
False
Is 60392897 prime?
False
Is 2369701 a composite number?
True
Is 465677 composite?
True
Is 31646773 prime?
True
Is 65967917 a prime number?
False
Is 4530067 prime?
True
Is 29303327 a composite number?
True
Is 5092763 a prime number?
False
Is 16299733 a composite number?
False
Is 3559361605 a prime number?
False
Is 81718279 prime?
True
Is 90586877 a prime number?
True
Is 17797673 composite?
True
Is 1058957 a composite number?
True
Is 233002993 a prime number?
True
Is 726949 a prime number?
False
Is 41992099 a prime number?
True
Is 3202921 a composite number?
False
Is 17127197 composite?
True
Is 517777 prime?
False
Is 452948677 a composite number?
True
Is 205043 composite?
False
Is 111002147 a prime number?
False
Is 44326087 a prime number?
False
Is 72821026 a composite number?
True
Is 495850321 composite?
False
Is 35595181 composite?
False
Is 15007217 a composite number?
False
Is 32454089 a prime number?
True
Is 13922257 a composite number?
False
Is 67951427 prime?
False
Is 7455257 a composite number?
False
Is 45096673 composite?
True
Is 4689547 a composite number?
False
Is 2392127 a composite number?
False
Is 214433 composite?
False
Is 5020167 a prime number?
False
Is 667761 prime?
False
Is 19246141 prime?
True
Is 21443431 a prime number?
True
Is 4146767 prime?
True
Is 1443103 composite?
False
Is 6765895 a prime number?
False
Is 4572611 a composite number?
False
Is 549581 a composite number?
True
Is 165629 a composite number?
True
Is 410417297 prime?
False
Is 4746163 a composite number?
False
Is 457988021 prime?
True
Is 65437693 a composite number?
True
Is 105972697 a composite number?
False
Is 10111229 composite?
False
Is 1237183503 a prime number?
False
Is 2266859 prime?
False
Is 54260047 prime?
False
Is 2285941451 prime?
True
Is 6506173 composite?
True
Is 9621077 a composite number?
False
Is 33720353 prime?
True
Is 3361781 prime?
True
Is 2513787 composite?
True
Is 17247563 a composite number?
True
Is 69445427 composite?
False
Is 8939849 composite?
False
Is 41423507 prime?
False
Is 27881861 a prime number?
False
Is 3857737 composite?
True
Is 198766433 a prime number?
False
Is 5193977 prime?
True
Is 15650447 a prime number?
True
Is 327454403 a prime number?
False
Is 11016773 a composite number?
True
Is 117282713 prime?
False
Is 8190223 composite?
False
Is 137137469 prime?
False
Is 121152403 a prime number?
True
Is 5366281 a prime number?
False
Is 49594955 a composite number?
True
Is 79145839 a prime number?
True
Is 30970409 a composite number?
False
Is 523169 prime?
True
Is 7069949 composite?
False
Is 178443379 prime?
False
Is 87103703 a prime number?
True
Is 10994747 a composite number?
False
Is 22349009 a prime number?
False
Is 46187341 composite?
False
Is 11167817 a prime number?
True
Is 15273277 prime?
True
Is 65079607 a prime number?
True
Is 13249421 a prime number?
True
Is 1262081 a composite number?
False
Is 24044897 prime?
False
Is 1411829 prime?
True
Is 56041511 composite?
True
Is 236327071 composite?
False
Is 256122893 composite?
True
Is 995783 a composite number?
False
Is 113158337 a prime number?
False
Is 1215157 a prime number?
True
Is 22201661 a composite number?
False
Is 62303441 prime?
False
Is 32723443 composite?
False
Is 73585357 a prime number?
False
Is 1119329 a prime number?
False
Is 112205 a composite number?
True
Is 215508727 prime?
False
Is 8419169 composite?
True
Is 2755277 composite?
True
Is 43899533 composite?
True
Is 246651229 prime?
False
Is 79481 a prime number?
True
Is 3094661 a composite number?
False
Is 50209907 a composite number?
True
Is 162053921 a composite number?
False
Is 28345139 composite?
True
Is 179809087 a composite number?
True
Is 8081345 a composite number?
True
Is 4678319 prime?
True
Is 69378209 prime?
True
Is 974591 prime?
True
Is 124216763 a composite number?
True
Is 98243011 prime?
False
Is 5436461 composite?
False
Is 25117327 prime?
True
Is 64359017 prime?
True
Is 13455229 prime?
False
Is 99976769 prime?
False
Is 28997299 prime?
True
Is 11212631 a prime number?
True
Is 44138293 prime?
False
Is 653669 a prime number?
False
Is 4438453 prime?
False
Is 2990454047 a pr